te 1 + 1 + (-5 - -8 - (0 + -4)).
9
What is the value of (3 - 0) + -3 + -4 - (184 + -156)?
-32
What is the value of 8 + 8 + -16 + 2 + -2?
0
Calculate -3 - (-11 + 1 + -45 + 42) - 3.
7
-4 - (1 - 3 - (18 - (27 + -12)))
1
Calculate -3 + -5 + 31 - 19.
4
Calculate 13 - (-4 + -3 - -8).
12
Evaluate -7 + (0 + 0 - (-42 + 42)) - 10.
-17
5 + -4 - (-12 - -7 - -7) - -6
5
What is (2 - -2 - -3) + -20 + 1 + -2?
-14
What is the value of (-36 - -37) + 6 + 0 + -3?
4
Calculate 2 + 2 + (10 - 22).
-8
What is -6 + (-4 - (2 + -13) - 4)?
-3
What is the value of 16 - (5 + 9) - 12 - (7 + 1)?
-18
-5 - (7 + (13 - 8) - -5)
-22
What is -253 - -267 - (-2 - -14) - (7 + 0)?
-5
-11 + (-6 - 5 - -19)
-3
What is (-6 - -54) + -47 + -2 + 0 + -1?
-2
What is -5 - ((6 - (11 + 19) - -7) + -7)?
19
Evaluate -6 - (10 + (13 - 13)).
-16
4 + -3 + (6 - 9) + -2
-4
Evaluate -4 + (9 - (10 + -11)) - 9 - -1.
-2
Evaluate -9 - (-8 + 8 - (3 + 18)).
12
6 - -2 - (8 + -8) - -1
9
What is the value of 11 - 3 - (-12 + -8 + 12 + 6)?
10
18 - (8 - 10 - -12)
8
What is the value of 2 - (0 + -11 + 24 - 33)?
22
Evaluate 39 - (-14 - -38) - 8.
7
Evaluate -35 + 34 - (7 - (5 - 11)).
-14
What is the value of (1 - 1) + 25 + -3 + -3 - 10?
9
What is (9 - (-26 + 37)) + 7 + 3?
8
What is the value of -10 + (2 - -5) - -3?
0
2 + 10 + 204 + -223
-7
6 + 0 + (-5 + 2 - (92 + -106))
17
What is the value of 2 + (-9 - (-11 - 0))?
4
Evaluate 19 + -9 + (-3 - 16) - 6.
-15
What is -11 + 8 + -9 - (-3 + 2 - 6)?
-5
Calculate (-11 - 1) + (13 - (4 - (13 + -13))).
-3
Calculate 19 + -11 - (-2 - -20).
-10
-22 + (24 - (24 + -24))
2
What is the value of 20 + 6 + -31 + 8?
3
Calculate 35 - 10 - (49 - 3).
-21
What is the value of (-1 - -3) + -17 + 15 - (-1 - -3)?
-2
What is the value of 29 + -18 - (0 - 1 - 1)?
13
Calculate -9 + -8 + (31 - 12).
2
Calculate 94 + -121 + 20 + (0 - (-25 - -1)).
17
Calculate -1 - ((-2 - (0 + 8)) + 29 + -23).
3
What is the value of 4 - (10 + (-21 - -13)) - -6?
8
What is the value of -15 + -12 + 5 + 9?
-13
(2 - 10) + (16 - 17) + 28 + 2
21
-10 - (-37 + (25 - -10))
-8
What is the value of -8 - -29 - (-4 - (15 - 12 - 0))?
28
Evaluate 1 - 17 - (8 + -51 + 45).
-18
What is 2 + (-1 - (-7 - 11))?
19
Evaluate (-34 - -69) + -46 + (0 - 16).
-27
What is the value of -5 + (-18 - (-62 + 20))?
19
What is (-2 - 22) + 3 + (-8 - -15)?
-14
What is the value of 4 - 3 - (6 - (-1 - -12) - -17)?
-11
Evaluate -7 - (1 - (1 + (-6 - -4)) - 6).
-3
What is (-7 - -3 - 27) + -15 + 24 + -2?
-24
What is the value of (15 - 17) + -27 - -12?
-17
(-1 - -5) + (-1 - (-4 + 11))
-4
Calculate 12 - (18 - (10 + -8)) - (1 - -12).
-17
What is -6 + (4 - (-2 - (2 + -8)))?
-6
What is the value of -15 - ((-12 + 6 - -3) + 35 + -24)?
-23
What is the value of 6 + -2 + -6 + (-11 - -23)?
10
Calculate -10 - -29 - (-2 - (-10 + 4)).
15
Calculate -24 + (13 + -15 - -19) + -9.
-16
What is the value of (-56 - -20) + 5 - -27?
-4
Evaluate (-16 - -5) + (2 - -21).
12
What is the value of -10 + 12 + -1 + -6 - -5?
0
What is the value of -2 - (-11 - -13) - (-33 - -2) - 1?
26
12 + -1 - 0 - 10 - -12
13
What is the value of -1 + 0 + (-14 + 28 - 25)?
-12
What is the value of 2 + -2 + -1 - -4 - (-2 - -20)?
-15
Calculate 8 - (23 + 1 - 18) - (6 + 0).
-4
What is -2 - ((-28 - (-10 - -5)) + 6 + 1)?
14
15 + -32 + (8 - 0) - (-9 + 0)
0
Evaluate 14 + 13 + -27 + 18.
18
Evaluate 0 - -12 - (-50 + 53 + -3).
12
Calculate 2 + 5 + -3 + -8 + 4.
0
Calculate (1 - 1) + -2 + (9 + -7 - -10).
10
3 - ((-7 - -5) + 25)
-20
(-27 - -18 - -17) + 0 + 0
8
(5 - 18) + 1 + 7 + 13
8
Evaluate 11 + (-9 - 0 - -12) + (7 - 17).
4
What is the value of 3 - (9 - -5) - (11 - (8 + 11))?
-3
What is 81 + -42 - -1 - (2 - -1 - -2)?
35
What is (-2 - 0) + (7 - (4 - (-3 + 8)))?
6
17 - (22 - (-31 + 26))
-10
Calculate -18 + 31 + 1 - (-3 - -18).
-1
What is -1 + -2 - (-294 - -271)?
20
-4 + (-27 - -22) + 2 + -5
-12
What is the value of 18 + -7 + -14 - 17?
-20
What is 7 + -6 + 4 + -21 + -1 + 3?
-14
What is -12 + (-7 - ((20 - 21) + 1 + 1))?
-20
What is -19 + (21 - 2) + -3?
-3
Evaluate 7 + -1 + (9 - -2) + (4 - 8).
13
Evaluate -24 + (28 - (-28 - -53)).
-21
2 + -13 - (-213 - -188)
14
What is (4 - 23) + (41 + -4 - 24)?
-6
What is the value of 2 + -1 + -1 + (-44 - -49)?
5
What is 2 + (-18 - -5) + 4 + 19?
12
32 - (35 + -43 + 28)
12
-9 - (-78 - -40 - -20)
9
Calculate 6 + (10 - 9) + 11 - 1.
17
What is 30 + 0 + -2 - 1?
27
Calculate 34 - (13 + 1 - 0).
20
Evaluate 6 - (0 - 0) - (679 - 676) - -8.
11
Calculate -7 + 6 + -3 + 8 + 1.
5
What is the value of (-6 - (-6 + 6)) + 17 + -16 + -19?
-24
-18 + (-1 - -25 - (-86 + 100))
-8
What is the value of 8 + -32 + 19 - (4 + -1 - -4)?
-12
(0 - (-27 + 12)) + -15
0
Calculate (19 - -35 - 23) + -4 + -3.
24
Evaluate -4 + 3 - -2 - ((-6 - -3) + 2).
2
What is the value of (6 - (5 + 5)) + -7?
-11
9 - 3 - ((6 - (-16 + -1)) + -5)
-12
Evaluate -3 + (37 - 5) + -22.
7
What is the value of 31 - -10 - 24 - -9?
26
(-18 - (-5 + -6)) + -1 - (2 - -9)
-19
What is the value of 10 + (11 - 1) + -13?
7
Calculate (-4 - -2) + 9 + -8 + 8 + -5.
2
What is the value of (-6 - (-50 + (5 - -9))) + -5?
25
What is -7 - -16 - (3 - (1 - 16))?
-9
Evaluate -10 + (15 + -5 + -12 + 6 - -3).
-3
Evaluate 5 + (63 + -21 - 36).
11
What is -2 + (-6 - (4 + 1 + -4 - -3))?
-12
Calculate (-2 + 11 - (23 - (6 - -1))) + 9.
2
Calculate (-81 - (-15 + -13)) + 25.
-28
What is -1 - (-1 - -5) - (-1608 + 1584)?
19
-45 + 34 + 20 - (0 - 17 - -2)
24
What is the value of 18 + 47 + 28 + -63?
30
What is the value of 20 + (-42 - -39 - -25)?
42
Evaluate 3 + 3 + 7 + -4 + -3 + 2.
8
What is 1 + (-23 - -27) + 2 + 13?
20
What is the value of 14 + (2 - 3) + -4 + (-11 - -13)?
11
Evaluate -3 - -10 - (36 + -11).
-18
What is the value of (68 - 46) + (3 + -14 - -1)?
12
12 - (1 - (-28 + -7))
-24
-1 + -5 + 11 + -30 + 16 - -1
-8
What is -6 + 1 + -2 - (10 - 6)?
-11
Evaluate (0 - 16) + (41 - 17).
8
What is the value of (-3 - -3) + -10 + 26 + -7?
9
-5 - (8 - 25 - -12)
0
Evaluate -4 - (20 + -11 + -5).
-8
Calculate -22 + (23 + -35 - -51).
17
Calculate 19 + 8 + -13 - 33.
-19
Evaluate -3 - 7 - (18 - (18 - -1)).
-9
What is the value of (-8 - (-4 + 3 + (2 - -3))) + 29?
17
Calculate -2 - (10 - (8 + 5 + -1)).
0
What is the value of 2 + -2 + (-3 + 13 - 6) - -14?
18
Evaluate -5 - (2 - (-1 - (11 - 6 - 2))).
-11
Evaluate -10 - (27 + (-22 - -10)).
-25
Evaluate 16 + (-24 - -19) - -14.
25
-24 - (-6 + -14 - 7)
3
What is the value of 0 + -4 - (-276 - -291)?
-19
(1 + 0 + -5 - 3) + 9
2
-32 - (31 - 47) - 12
-28
What is the value of 0 + (1 - (-2 - (6 - 7)))?
2
What is (14 - 51) + 33 - (-23 - 0)?
19
Evaluate 8 + -32 + 4 - (-8 - 0).
-12
What is (-2 - -1) + 2 + (284 - 276)?
9
-3 + 11 + -17 - -17 - (-1 - -4)
5
Evaluate -2 + (-1 + -8 - (-45 + 42)).
-8
Calculate (13 - (-5 + 15)) + 10 - 24.
-11
-766 - -782 - (-1 + 13)
4
What is -14 + (-6 - -22 - 12 - 14)?
-24
What is -31 - 0 - (73 + -90)?
-14
What is the value of 14 + -4 - 7 - (-3 + 0) - 1?
5
What is (19 - 7 - 11 - 8) + (20 - 1)?
12
(-9 - (-8 + -20)) + -27
-8
What is the value of 2 - 17 - (-215 + 217)?
-17
What is -6 + (-6 - (5 + -9)) + -13?
-21
Calculate (-5 - 0) + 7 + -3 + -1.
-2
Calculate -1 + -11 + 2 - (21 - 20).
-11
What is -1 - ((-1 - 7) + -12)?
19
Calculate (22 - -2) + (11 - (16 + 3)) + 6.
22
Evaluate -1 - (3 + 34) - (-3 + -10 - -13).
-38
Calculate 9 + (-4 - 2 - 7).
-4
Evaluate 29 + -11 + 9 - (-5 - 3) - 2.
33
(4 - (-2 - -15)) + 8
-1
(87 - 95 - (1 - 5)) + -9
-13
What is 139 + -148 - (-1 + (-1 - 1)) - -22?
16
What is the value of 4 - (7 + (-1 - 4)) - -7?
9
Calculate 24 + 2 + -15 + -14 - (-1 - -22).
-24
-6 + 7 - (-5 + 5 + 0 + -2)
3
What is 5 + 9 - ((6 - -8) + -2 + -7)?
9
What is the value of (-7 - 0) + 13 + (-15 - -1)?
-8
What is the value of -9 - -1 - (1 + (-7 - -15) + -9)?
-8
Calculate -1 - (4 - 2) - (310 + -321).
8
What is (4 - -1 - 6) + -1 + -6 - -4?
-4
(-21 - (9 - 29)) + 2
1
Evaluate (404 - 412) + (7 + 1 - -2 - 2).
0
What is 22 + (-36 + 13 - 14)?
-15
What is the value of -23 + (12 - -1) - -9?
-1
What is 44 + -67 + 17 + 20?
14
What is the value of -6 - (40 + -1 + -30)?
-15
Calculate 1 - (1 - 5 - (2 + 1)).
8
What is -2 + 5 + -2 + -1 + 0 + 0?
0
-96 - -63 - (-3 + -15)
-15
2 + -13 + 21 + (-2 - -1 - 3)
6
What is the value of (-3 + 5 - 1) + (6 - 11)?
-4
What is the value of 21 + -11 + 36 + -28?
18
Evaluate -10 - ((5 - -3) + (-18 - -10)).
-10
What is (-7 - -15) + -16 - (-2 - 4)?
-2
Calcul